k**2 - 12*k. Give v(1).
3
Suppose -5*u = -u - 4*k + 4, -4*u - 5 = -5*k. Let r(f) = 5*f + 0*f**2 - f**2 + u*f - 2*f. Calculate r(3).
0
Let m(y) = y**2 - 8*y + 10. Let t(p) = 5*p + 43. Let c be t(-7). Determine m(c).
10
Let r be (-2)/5 + (-4)/(-10). Let y(a) = -a**3 - a**2 + a - 2. Determine y(r).
-2
Let u(f) be the second derivative of -3*f + 1/2*f**2 + 0 - 1/20*f**5 - 1/12*f**4 + 1/6*f**3. Determine u(-1).
0
Let d(c) = -5*c**2 - 9*c + 2*c + 8*c. Let o(s) = 2*s - 11. Let y be o(5). What is d(y)?
-6
Let i(k) = -k - 3. Let o(m) = m**3 + 12. Let d be o(0). Let r be (6/2)/(d/(-16)). Give i(r).
1
Let c(u) = -u**2 + 6*u - 2. Suppose 50 = n + 4*n - 5*k, 0 = -5*n - k + 26. Determine c(n).
-2
Let k(n) = -n. Let f(g) = -g. Let d(j) = 5*f(j) - 8*k(j). Determine d(1).
3
Let k(b) = -3*b**3 + 2*b**2 + 2*b - 3. Let s be 4 - ((-4)/12 - 7/(-3)). Determine k(s).
-15
Let s be -1*(6/21 - 435/1400). Let p(h) be the third derivative of -s*h**6 + h**2 - 1/24*h**4 + 0*h**5 + 0*h**3 + 0 + 0*h. Determine p(-1).
4
Let c(i) be the first derivative of -i**3 - 1/4*i**4 - i**2 - 5 + 0*i. Calculate c(-3).
6
Let j(p) = -12*p + 2. Suppose -w = 4*n - 3 + 11, 2*w = 0. Give j(n).
26
Suppose -6 + 2 = 4*y. Let w(p) = 5*p + 1. Let i be w(y). Let f(z) = -3*z + 1 - 3*z - 3*z + 8*z. Give f(i).
5
Suppose -5*o - 5*v = 0, 3*v - 14 = 4*o - 0*v. Let g(l) = -214*l + 108*l + 103*l. What is g(o)?
6
Suppose -9 = 3*l, 2 = -i + l - 4. Let h(o) = -o + 3. Calculate h(i).
12
Let m(h) be the second derivative of h**5/120 + h**4/12 + h**3/3 + 3*h. Let k(y) be the second derivative of m(y). Give k(-4).
-2
Let i(u) = -4 - 3*u + 0*u**2 + u**3 + 0 - 3*u**2 + 0*u. Calculate i(4).
0
Let i(c) = -c**3 - 5*c**2 - 4*c - 2. Let z be 1 + 3/(4/4). Let m = 12 - 22. Let y be z/m + 16/(-10). Determine i(y).
-6
Let l = 11 + -17. Let j = l - -9. Let k(u) = j + 5*u + u**2 - 5*u + 5*u + 0*u. Determine k(-5).
3
Suppose 6*p - p = -10. Let h(o) = o**2 + o + 1. Let c be h(p). Suppose -u + c*u - 5*d = -7, u - 5*d + 6 = 0. Let m(n) = n + 1. What is m(u)?
0
Let b(j) = 0*j + 2 - 1 + j + 10. Let c be b(-7). Let w(f) be the second derivative of -f**3/3 + f**2/2 - 2*f. What is w(c)?
-7
Suppose 0 = -5*o + o. Let n(x) = x**3 - 4*x**2 + 2*x - 4. Let s be n(4). Let g(m) = 5*m - 4*m + s*m - 4*m - 3. What is g(o)?
-3
Let o(t) = 2*t + 4. Let k be (0 - (-4)/10)*-10. Calculate o(k).
-4
Let x(t) be the third derivative of -t**4/24 - 7*t**3/6 + 10*t**2. Determine x(-10).
3
Let f(u) be the second derivative of 3/2*u**2 + 1/2*u**3 - 2*u + 0. Give f(-3).
-6
Let s(j) be the third derivative of 1/24*j**5 + 0*j**3 + 1/12*j**4 + 0*j + 0 - 1/720*j**6 + 2*j**2. Let z(x) be the second derivative of s(x). Calculate z(5).
0
Let l(p) be the third derivative of p**6/120 + 2*p**5/15 + p**4/4 - p**3/3 - 2*p**2. Let c = -22 - -15. Determine l(c).
5
Let y = 14 + -7. Let n(l) = -5*l - l**2 + 3 + y*l - 2*l**2 + 2*l**2. Let q = -8 + 6. What is n(q)?
-5
Let p be 1 - (-15)/(-3) - -7. Let l(a) = a - 5 - p*a + a. Calculate l(-7).
2
Let n(u) = u**3 - 3*u**2 - 4*u - 4. Suppose 27 = 2*x - 29. Suppose -6*r + 2*r + x = 0. Let i = r - 3. Determine n(i).
-4
Let n = -9 - -13. Suppose n*b - 5 = 3*i, -5*b + 4*i + 3 = -4. Let z(d) be the second derivative of d**4/12 - d**3/3 - d**2/2 - d. What is z(b)?
2
Suppose 0 = -0*v + 5*v - 25. Let j(g) be the second derivative of -g**5/20 + g**4/3 + 5*g**3/6 + 2*g**2 + g. Give j(v).
4
Let m(p) = 9*p - 25. Let h(w) = 4*w - 12. Let s(q) = 13*h(q) - 6*m(q). Suppose -30 = 2*a + 3*a. Calculate s(a).
6
Let k(h) be the first derivative of h**5/20 - h**4/6 + h**3/3 + h + 2. Let x(a) be the first derivative of k(a). Let d = -35 + 37. What is x(d)?
4
Suppose 13 = -5*l - 27. Let h = l - -11. Let y(j) = -j**2 + 4*j. Calculate y(h).
3
Suppose -4*l - 29 = -5*v, 5*v = -4*l + 2*v - 53. Let a(u) = 2*u**2 - 13*u + 12. Let y(i) = i**2 - 7*i + 6. Let j(p) = l*y(p) + 6*a(p). Calculate j(0).
6
Let g(j) be the second derivative of -j**5/20 + j**4/2 - 7*j**3/6 + 5*j**2/2 - j. Let w be (-6)/(-4)*(-28)/(-3). Let s = -10 + w. Determine g(s).
9
Let u(b) = 14*b. Let d(o) = 2 + 6 - 3 + o. Let a be d(-4). What is u(a)?
14
Let s(i) = 0*i - i - 1 - 3*i**3 + 2*i**3. Let u be ((-3)/(-4))/((-2)/48). Let p be (-1)/(-5) + u/15. Give s(p).
1
Let n(h) = -3*h**2 - 4*h - 4. Let q(w) = -w**2. Let r(k) = -n(k) + 2*q(k). Calculate r(-3).
1
Suppose 32 = -4*u + 20. Let x(c) = 6*c. Calculate x(u).
-18
Let q be (-6 - -4) + 0 + -4. Let b(k) = k. Calculate b(q).
-6
Let j(z) = 3*z**3 + 5*z**2 + 2*z - 3. Let i(a) = -7*a**3 - 11*a**2 - 5*a + 6. Let l(p) = -4*i(p) - 9*j(p). What is l(-2)?
-13
Let x(c) = c**2 + 2*c + 2. Suppose -13 = -4*a + 9*a - k, 4*k = 12. What is x(a)?
2
Let g(l) = l - 1 + 0*l + 5 + l. Give g(-3).
-2
Let v(t) = -t**3 - 8*t**2 - 2*t - 10. Let k(s) = s**2 + 17*s + 44. Let h be k(-13). Give v(h).
6
Let w(z) = -3*z**2 - 2*z - 1. Let v(f) = -5*f + 8. Let a be v(2). Determine w(a).
-9
Let t(r) = -4*r + 5*r**2 - 3*r**2 - 2 + 17*r - r**2. What is t(-13)?
-2
Let d(i) = 8*i**2 - 7*i + 3. Suppose 4*w + 5*s = -0*w + 16, -4*w + 3*s + 16 = 0. Let q(r) = -3*r**2 + 2*r - 1. Let y(u) = w*d(u) + 11*q(u). Give y(-6).
1
Let d(m) = 2*m - 4. Suppose 4*f + 5 + 7 = 0. What is d(f)?
-10
Let u(h) = -h**3 - 2*h**2 - 4*h - 2. Suppose 0*z + 40 = -4*z. Let i = 14 + z. Suppose 4*o + 12 = i. Calculate u(o).
6
Let k(f) = -f**2 - 5*f + 10. Let x(v) = 3*v**2 + 15*v - 29. Let s(n) = -11*k(n) - 4*x(n). Calculate s(-6).
0
Let q(a) = a - 3. Suppose -10 = -3*m + 3*j - 8*j, m = -3*j + 6. What is q(m)?
-3
Let x(k) = k**3 - k**2 - 2*k - 3. Let l(b) = -b**2 - 6*b - 5. Let s be l(-6). Let o be (6/s)/((-4)/10). Determine x(o).
9
Let y(w) = w**2 + 2*w + 1. Suppose 3*j + 6 = j. Let r(z) = -3*z**2 - 5*z - 1. Let f(h) = j*r(h) - 7*y(h). Give f(-3).
11
Let j = 4 - -1. Let r(u) = u**2 - 5*u - 3. Calculate r(j).
-3
Let k(c) = -c**2 - 2*c + 4. Let i = -9 + -4. Let l be (-3 + 2)*(1 + i). Suppose l = -4*z - 4. Determine k(z).
-4
Let a(h) = -2*h**2 - 3*h. Let r be (5/(-15))/((-2)/12). Let o be 8/(-2) + 4/r. Determine a(o).
-2
Let j(q) be the second derivative of -1/12*q**4 - 3*q - 1/40*q**6 + 1/30*q**5 + 1/6*q**3 - q**2 + 0. Let u(r) be the first derivative of j(r). Determine u(1).
-2
Let o = 6 + -10. Let l(b) be the first derivative of -b**2 - b - 3. Give l(o).
7
Suppose -4*s = 9*s. Let c(u) be the second derivative of 3*u + 2/3*u**3 - 1/20*u**5 - u**2 - 1/6*u**4 + s. What is c(2)?
-10
Let u be (-8)/(3*6/(-9)). Let n(r) = 0 + u*r**3 + 3 - 3 + 1. What is n(1)?
5
Let n(o) = o + 7. Let w be -1 + 0 + (6 - 8). Give n(w).
4
Let z(q) = -3*q**2 + q**2 + 5*q**2 + 4*q - 2*q**2 + 5. Determine z(-4).
5
Let l(k) be the third derivative of k**4/24 + 7*k**3/6 + 36*k**2. What is l(-6)?
1
Let t(w) = -w - 2. Let o be 1/4 - (-425)/(-100). What is t(o)?
2
Let q(j) = -3*j**3 + j**2. Let t be q(1). Let m(g) = 2*g + 1. Calculate m(t).
-3
Suppose -14 = 4*g + 10. Let b be 1/1*(g + 3). Let n(s) = -s**2 - 3*s. What is n(b)?
0
Let k(h) = -h**2 - h. Suppose 4*r - 9*r = 10. Give k(r).
-2
Suppose 3*a + 2 = 4*y - 4, 0 = 2*a - y + 4. Let p(n) be the first derivative of -n**2/2 - n + 6. Calculate p(a).
1
Let z(a) = a. Let i = -10 + 8. Let n be i/(-10) - 8/(-10). Determine z(n).
1
Let u(z) = z**3 + 5*z**2 - 3*z - 7. Let j(r) = -r**2 - 3*r - 5. Let c be j(-3). Calculate u(c).
8
Let u = -44 + 43. Let q(h) = -7*h**2 + 1. What is q(u)?
-6
Let p = 1 - 5. Let c = p - -7. Suppose -1 = -c*a + 4*a. Let x(s) = 3*s**2 + 1. Calculate x(a).
4
Let j = 8 - 8. Let n(b) = b**2 - b - 7. Give n(j).
-7
Let a(r) = -3*r**3 - r + r**2 - 2*r**3 + 4*r**3. Suppose 0 = -4*h - 0*h. Let i = 2 + h. Calculate a(i).
-6
Suppose -4*z - 27 = 17. Let h(n) = -8*n**3 - 15*n**2 - 8*n - 5. Let i(p) = 3*p**3 + 5*p**2 + 3*p + 2. Let y(j) = z*i(j) - 4*h(j). Give y(3).
13
Let z(x) be the first derivative of x**4/4 + 7*x**3/3 - 5*x**2 - 8*x - 21. Determine z(-8).
8
Let w(l) = -1 + 0 + l + 2. Let v be 0/(1 - (0 + 2)). Determine w(v).
1
Suppose -o - 2*o = -2*d + 20, -2*o - 8 = 0. Suppose -3*z = -d*z. Let a(m) = m + m + z*m. Give a(-2).
-4
Let l(n) = 28*n - 10. Let r be (-52)/8 + (-1)/2. Let u(x) = -9*x + 3. Suppose 0 = 2*o + 4*p, -5*o - 2*p - 12 = -4*p. Let f(d) = o*l(d) + r*u(d). Give f(1).
6
Suppose 3*i - 86 = -14. Let y be ((-6)/i)/((-2)/8). Let n(f) = 9*f**2 - f. Calculate n(y).
8
Let z(p) be the fir